{"id":214628,"date":"2021-07-21T21:03:59","date_gmt":"2021-07-22T03:03:59","guid":{"rendered":"http:\/\/www2.equilibriovital.com\/?page_id=214628"},"modified":"2021-11-04T14:45:19","modified_gmt":"2021-11-04T20:45:19","slug":"saladmaster","status":"publish","type":"page","link":"https:\/\/www.equilibriovital.com\/index.php\/saladmaster\/","title":{"rendered":"Saladmaster"},"content":{"rendered":"<p>[et_pb_section fb_built=\u00bb1&#8243; fullwidth=\u00bbon\u00bb _builder_version=\u00bb4.10.7&#8243; _module_preset=\u00bbdefault\u00bb background_color=\u00bbRGBA(0,0,0,0)\u00bb background_image=\u00bbhttp:\/\/www.equilibriovital.com\/wp-content\/uploads\/2021\/09\/cgc-2021-07-jul-dec-12qt-Roaster-02.jpg\u00bb global_colors_info=\u00bb{}\u00bb][et_pb_fullwidth_slider _builder_version=\u00bb4.10.7&#8243; _module_preset=\u00bbdefault\u00bb background_color=\u00bbRGBA(0,0,0,0)\u00bb background_enable_image=\u00bboff\u00bb global_colors_info=\u00bb{}\u00bb][et_pb_slide heading=\u00bb\u00a175 A\u00d1OS DE HACER MARAVILLAS!\u00bb _builder_version=\u00bb4.9.9&#8243; _module_preset=\u00bbdefault\u00bb header_level=\u00bbh1&#8243; header_font=\u00bbOswald|600|||||||\u00bb header_font_size=\u00bb59px\u00bb body_font=\u00bbNunito||||||||\u00bb body_font_size=\u00bb26px\u00bb body_line_height=\u00bb30.9px\u00bb text_orientation=\u00bbleft\u00bb global_colors_info=\u00bb{}\u00bb sticky_transition=\u00bbon\u00bb]<\/p>\n<p><span>Presentamos nuestro nueva pieza<br \/>de edici\u00f3n especial de 12 cuartos de gal\u00f3n (11.4 litros)<br \/>con un grabado l\u00e1ser para conmemorar<br \/>nuestro 75 aniversario.<\/span><\/p>\n<p>[\/et_pb_slide][\/et_pb_fullwidth_slider][\/et_pb_section][et_pb_section fb_built=\u00bb1&#8243; admin_label=\u00bbCoffee Menu\u00bb _builder_version=\u00bb4.9.9&#8243; background_color=\u00bb#FFFFFF\u00bb background_enable_image=\u00bboff\u00bb custom_padding=\u00bb100px||100px|\u00bb global_colors_info=\u00bb{}\u00bb][et_pb_row admin_label=\u00bbSection Header\u00bb _builder_version=\u00bb3.25&#8243; module_alignment=\u00bbcenter\u00bb custom_padding=\u00bb40px|0px|40px|0px\u00bb global_colors_info=\u00bb{}\u00bb][et_pb_column type=\u00bb4_4&#8243; _builder_version=\u00bb3.25&#8243; custom_padding=\u00bb|||\u00bb global_colors_info=\u00bb{}\u00bb custom_padding__hover=\u00bb|||\u00bb][et_pb_text admin_label=\u00bbTittle\u00bb _builder_version=\u00bb4.9.9&#8243; text_font=\u00bbNunito||||||||\u00bb text_font_size=\u00bb18px\u00bb text_line_height=\u00bb1.8em\u00bb header_font=\u00bb||||||||\u00bb header_2_font=\u00bbOswald|||on|||||\u00bb header_2_text_align=\u00bbcenter\u00bb header_2_font_size=\u00bb40px\u00bb header_2_letter_spacing=\u00bb1px\u00bb header_2_line_height=\u00bb1.5em\u00bb header_3_font=\u00bb||||||||\u00bb max_width=\u00bb600px\u00bb max_width_last_edited=\u00bboff|desktop\u00bb module_alignment=\u00bbcenter\u00bb custom_margin=\u00bb|||\u00bb global_colors_info=\u00bb{}\u00bb]<\/p>\n<h2>CAMBIE SUS UTENSILIOS DE COCINA, CAMBIE SU VIDA<\/h2>\n<p>[\/et_pb_text][et_pb_text disabled_on=\u00bboff|off|off\u00bb admin_label=\u00bbSubtittle\u00bb _builder_version=\u00bb4.9.9&#8243; text_font=\u00bbNunito||||||||\u00bb text_font_size=\u00bb18px\u00bb text_line_height=\u00bb1.8em\u00bb header_font=\u00bbOswald||||\u00bb header_font_size=\u00bb16px\u00bb header_letter_spacing=\u00bb2px\u00bb text_orientation=\u00bbcenter\u00bb max_width=\u00bb600px\u00bb max_width_tablet=\u00bb\u00bb max_width_phone=\u00bb\u00bb max_width_last_edited=\u00bbon|phone\u00bb module_alignment=\u00bbcenter\u00bb custom_margin=\u00bb-30px|||\u00bb global_colors_info=\u00bb{}\u00bb]<\/p>\n<p>La l\u00ednea de productos Saladmaster son \u00fanicos en el mercado.<br \/>Saladmaster lleva m\u00e1s de 60 a\u00f1os colaborando con la salud de sus clientes a trav\u00e9s de nuestro avanzado sistema de cocci\u00f3n.<\/p>\n<p>[\/et_pb_text][\/et_pb_column][\/et_pb_row][et_pb_row admin_label=\u00bbCoffee items\u00bb _builder_version=\u00bb3.25&#8243; custom_margin=\u00bb|||\u00bb custom_padding=\u00bb60px|0px|60px|0px\u00bb global_colors_info=\u00bb{}\u00bb][et_pb_column type=\u00bb4_4&#8243; _builder_version=\u00bb3.25&#8243; custom_padding=\u00bb|||\u00bb global_colors_info=\u00bb{}\u00bb custom_padding__hover=\u00bb|||\u00bb][et_pb_code _builder_version=\u00bb4.9.9&#8243; _module_preset=\u00bbdefault\u00bb global_colors_info=\u00bb{}\u00bb]<iframe loading=\"lazy\" title=\"vimeo-player\" src=\"https:\/\/player.vimeo.com\/video\/568541938\" width=\"640\" height=\"360\" frameborder=\"0\" allowfullscreen><\/iframe>[\/et_pb_code][\/et_pb_column][\/et_pb_row][\/et_pb_section][et_pb_section fb_built=\u00bb1&#8243; _builder_version=\u00bb3.22&#8243; background_color=\u00bb#f4f4f4&#8243; custom_padding=\u00bb110px||110px|\u00bb locked=\u00bboff\u00bb global_colors_info=\u00bb{}\u00bb][et_pb_row column_structure=\u00bb1_2,1_2&#8243; _builder_version=\u00bb3.25&#8243; global_colors_info=\u00bb{}\u00bb][et_pb_column type=\u00bb1_2&#8243; _builder_version=\u00bb3.25&#8243; custom_padding=\u00bb|||\u00bb global_colors_info=\u00bb{}\u00bb custom_padding__hover=\u00bb|||\u00bb][et_pb_text admin_label=\u00bbTop Destination Text\u00bb _builder_version=\u00bb4.9.9&#8243; text_font=\u00bbNunito||||||||\u00bb text_font_size=\u00bb18px\u00bb text_line_height=\u00bb1.9em\u00bb custom_padding=\u00bb||60px|\u00bb animation_style=\u00bbslide\u00bb animation_direction=\u00bbtop\u00bb animation_intensity_slide=\u00bb4%\u00bb locked=\u00bboff\u00bb global_colors_info=\u00bb{}\u00bb]<\/p>\n<p>Las ollas Saladmaster est\u00e1n dise\u00f1adas de manera tal que su perfecta uni\u00f3n de metales provee la mejor conducci\u00f3n de calor. Este calor se mueve de manera envolvente a trav\u00e9s de todos los lados de la olla, arriba y abajo; lo que permite cocinar a una menor<\/p>\n<p>temperatura y en menos tiempo que los productos tradicionales.<br \/>Los utensilios de cocina Saladmaster son los \u00fanicos que no permiten la contaminaci\u00f3n de los alimentos durante su cocci\u00f3n. Esto se debe a que est\u00e1n dise\u00f1adas con un material que no suelta metales pesados cuando se calienta.<\/p>\n<p>[\/et_pb_text][\/et_pb_column][et_pb_column type=\u00bb1_2&#8243; _builder_version=\u00bb3.25&#8243; custom_padding=\u00bb|||\u00bb global_colors_info=\u00bb{}\u00bb custom_padding__hover=\u00bb|||\u00bb][et_pb_text admin_label=\u00bbTop Destination Text\u00bb _builder_version=\u00bb4.9.9&#8243; text_font=\u00bbNunito||||||||\u00bb text_font_size=\u00bb18px\u00bb text_line_height=\u00bb1.9em\u00bb custom_padding=\u00bb||60px|\u00bb animation_style=\u00bbslide\u00bb animation_direction=\u00bbtop\u00bb animation_intensity_slide=\u00bb4%\u00bb locked=\u00bboff\u00bb global_colors_info=\u00bb{}\u00bb]<\/p>\n<p>Cabe agregar que utilizando las ollas Saladmaster podemos cocinar con temperaturas m\u00e1s bajas y sin utilizar agua (en la mayor\u00eda de los casos) logrando as\u00ed, que los alimentos retengan sus vitaminas, minerales, textura y sabores naturales.<br \/>\u00a1Los invito a formar parte de la gran familia Saladmaster!<\/p>\n<p>[\/et_pb_text][\/et_pb_column][\/et_pb_row][et_pb_row column_structure=\u00bb1_4,1_4,1_4,1_4&#8243; use_custom_gutter=\u00bbon\u00bb gutter_width=\u00bb1&#8243; make_equal=\u00bbon\u00bb admin_label=\u00bbGallery\u00bb module_class=\u00bb et_pb_row_fullwidth\u00bb _builder_version=\u00bb3.25&#8243; width=\u00bb100%\u00bb width_tablet=\u00bb100%\u00bb width_phone=\u00bb\u00bb width_last_edited=\u00bbon|desktop\u00bb max_width=\u00bb100%\u00bb max_width_tablet=\u00bb100%\u00bb max_width_phone=\u00bb\u00bb max_width_last_edited=\u00bbon|desktop\u00bb custom_padding=\u00bb|||\u00bb make_fullwidth=\u00bbon\u00bb global_colors_info=\u00bb{}\u00bb][et_pb_column type=\u00bb1_4&#8243; _builder_version=\u00bb3.25&#8243; custom_padding=\u00bb|||\u00bb global_colors_info=\u00bb{}\u00bb custom_padding__hover=\u00bb|||\u00bb][et_pb_image src=\u00bbhttp:\/\/www.equilibriovital.com\/wp-content\/uploads\/2021\/11\/Saladmaster-1.jpg\u00bb title_text=\u00bbSaladmaster-1&#8243; show_in_lightbox=\u00bbon\u00bb force_fullwidth=\u00bbon\u00bb align_tablet=\u00bbcenter\u00bb align_phone=\u00bb\u00bb align_last_edited=\u00bbon|desktop\u00bb _builder_version=\u00bb4.10.7&#8243; animation_style=\u00bbzoom\u00bb animation_intensity_zoom=\u00bb10%\u00bb hover_enabled=\u00bb0&#8243; global_colors_info=\u00bb{}\u00bb sticky_enabled=\u00bb0&#8243;][\/et_pb_image][\/et_pb_column][et_pb_column type=\u00bb1_4&#8243; _builder_version=\u00bb3.25&#8243; custom_padding=\u00bb|||\u00bb global_colors_info=\u00bb{}\u00bb custom_padding__hover=\u00bb|||\u00bb][et_pb_image src=\u00bbhttp:\/\/www.equilibriovital.com\/wp-content\/uploads\/2021\/11\/Saladmaster-3.jpg\u00bb title_text=\u00bbSaladmaster-3&#8243; show_in_lightbox=\u00bbon\u00bb force_fullwidth=\u00bbon\u00bb align_tablet=\u00bbcenter\u00bb align_phone=\u00bb\u00bb align_last_edited=\u00bbon|desktop\u00bb _builder_version=\u00bb4.10.7&#8243; animation_style=\u00bbzoom\u00bb animation_delay=\u00bb100ms\u00bb animation_intensity_zoom=\u00bb10%\u00bb hover_enabled=\u00bb0&#8243; locked=\u00bboff\u00bb global_colors_info=\u00bb{}\u00bb sticky_enabled=\u00bb0&#8243;][\/et_pb_image][\/et_pb_column][et_pb_column type=\u00bb1_4&#8243; _builder_version=\u00bb3.25&#8243; custom_padding=\u00bb|||\u00bb global_colors_info=\u00bb{}\u00bb custom_padding__hover=\u00bb|||\u00bb][et_pb_image src=\u00bbhttp:\/\/www.equilibriovital.com\/wp-content\/uploads\/2021\/11\/Saladmaster-4.jpg\u00bb title_text=\u00bbSaladmaster-4&#8243; show_in_lightbox=\u00bbon\u00bb force_fullwidth=\u00bbon\u00bb align_tablet=\u00bbcenter\u00bb align_phone=\u00bb\u00bb align_last_edited=\u00bbon|desktop\u00bb _builder_version=\u00bb4.10.7&#8243; animation_style=\u00bbzoom\u00bb animation_delay=\u00bb200ms\u00bb animation_intensity_zoom=\u00bb10%\u00bb hover_enabled=\u00bb0&#8243; locked=\u00bboff\u00bb global_colors_info=\u00bb{}\u00bb sticky_enabled=\u00bb0&#8243;][\/et_pb_image][\/et_pb_column][et_pb_column type=\u00bb1_4&#8243; _builder_version=\u00bb3.25&#8243; custom_padding=\u00bb|||\u00bb global_colors_info=\u00bb{}\u00bb custom_padding__hover=\u00bb|||\u00bb][et_pb_image src=\u00bbhttp:\/\/www.equilibriovital.com\/wp-content\/uploads\/2021\/11\/Saladmaster-4-1.jpg\u00bb title_text=\u00bbSaladmaster-4-1&#8243; show_in_lightbox=\u00bbon\u00bb force_fullwidth=\u00bbon\u00bb align_tablet=\u00bbcenter\u00bb align_phone=\u00bb\u00bb align_last_edited=\u00bbon|desktop\u00bb _builder_version=\u00bb4.10.7&#8243; animation_style=\u00bbzoom\u00bb animation_delay=\u00bb300ms\u00bb animation_intensity_zoom=\u00bb10%\u00bb hover_enabled=\u00bb0&#8243; locked=\u00bboff\u00bb global_colors_info=\u00bb{}\u00bb sticky_enabled=\u00bb0&#8243;][\/et_pb_image][\/et_pb_column][\/et_pb_row][\/et_pb_section][et_pb_section fb_built=\u00bb1&#8243; _builder_version=\u00bb4.9.9&#8243; _module_preset=\u00bbdefault\u00bb background_color=\u00bb#749ca8&#8243; global_colors_info=\u00bb{}\u00bb][et_pb_row _builder_version=\u00bb4.9.9&#8243; _module_preset=\u00bbdefault\u00bb custom_margin=\u00bb-35px||-25px||false|false\u00bb global_colors_info=\u00bb{}\u00bb][et_pb_column type=\u00bb4_4&#8243; _builder_version=\u00bb4.9.9&#8243; _module_preset=\u00bbdefault\u00bb global_colors_info=\u00bb{}\u00bb][et_pb_text _builder_version=\u00bb4.9.9&#8243; _module_preset=\u00bbdefault\u00bb text_text_color=\u00bb#FFFFFF\u00bb text_font_size=\u00bb18px\u00bb global_colors_info=\u00bb{}\u00bb]<\/p>\n<p style=\"text-align: center;\"><b>\u00a9 <\/b>2021. Saladmaster de Costa Rica. Todos los Derechos son reservados.\u00a0<\/p>\n<p>[\/et_pb_text][\/et_pb_column][\/et_pb_row][\/et_pb_section]<\/p>\n","protected":false},"excerpt":{"rendered":"<p>Presentamos nuestro nueva piezade edici\u00f3n especial de 12 cuartos de gal\u00f3n (11.4 litros)con un grabado l\u00e1ser para conmemorarnuestro 75 aniversario.CAMBIE SUS UTENSILIOS DE COCINA, CAMBIE SU VIDALa l\u00ednea de productos Saladmaster son \u00fanicos en el mercado.Saladmaster lleva m\u00e1s de 60 a\u00f1os colaborando con la salud de sus clientes a trav\u00e9s de nuestro avanzado sistema de [&hellip;]<\/p>\n","protected":false},"author":1,"featured_media":0,"parent":0,"menu_order":0,"comment_status":"closed","ping_status":"closed","template":"","meta":{"_et_pb_use_builder":"on","_et_pb_old_content":"","_et_gb_content_width":"","footnotes":""},"class_list":["post-214628","page","type-page","status-publish","hentry"],"yoast_head":"<!-- This site is optimized with the Yoast SEO plugin v23.4 - https:\/\/yoast.com\/wordpress\/plugins\/seo\/ -->\n<title>Saladmaster - Equilibrio Vital<\/title>\n<meta name=\"robots\" content=\"index, follow, max-snippet:-1, max-image-preview:large, max-video-preview:-1\" \/>\n<link rel=\"canonical\" href=\"https:\/\/www.equilibriovital.com\/index.php\/saladmaster\/\" \/>\n<meta property=\"og:locale\" content=\"es_ES\" \/>\n<meta property=\"og:type\" content=\"article\" \/>\n<meta property=\"og:title\" content=\"Saladmaster - Equilibrio Vital\" \/>\n<meta property=\"og:description\" content=\"Presentamos nuestro nueva piezade edici\u00f3n especial de 12 cuartos de gal\u00f3n (11.4 litros)con un grabado l\u00e1ser para conmemorarnuestro 75 aniversario.CAMBIE SUS UTENSILIOS DE COCINA, CAMBIE SU VIDALa l\u00ednea de productos Saladmaster son \u00fanicos en el mercado.Saladmaster lleva m\u00e1s de 60 a\u00f1os colaborando con la salud de sus clientes a trav\u00e9s de nuestro avanzado sistema de [&hellip;]\" \/>\n<meta property=\"og:url\" content=\"https:\/\/www.equilibriovital.com\/index.php\/saladmaster\/\" \/>\n<meta property=\"og:site_name\" content=\"Equilibrio Vital\" \/>\n<meta property=\"article:modified_time\" content=\"2021-11-04T20:45:19+00:00\" \/>\n<meta name=\"twitter:card\" content=\"summary_large_image\" \/>\n<meta name=\"twitter:label1\" content=\"Tiempo de lectura\" \/>\n\t<meta name=\"twitter:data1\" content=\"6 minutos\" \/>\n<script type=\"application\/ld+json\" class=\"yoast-schema-graph\">{\"@context\":\"https:\/\/schema.org\",\"@graph\":[{\"@type\":\"WebPage\",\"@id\":\"https:\/\/www.equilibriovital.com\/index.php\/saladmaster\/\",\"url\":\"https:\/\/www.equilibriovital.com\/index.php\/saladmaster\/\",\"name\":\"Saladmaster - Equilibrio Vital\",\"isPartOf\":{\"@id\":\"https:\/\/www.equilibriovital.com\/#website\"},\"datePublished\":\"2021-07-22T03:03:59+00:00\",\"dateModified\":\"2021-11-04T20:45:19+00:00\",\"breadcrumb\":{\"@id\":\"https:\/\/www.equilibriovital.com\/index.php\/saladmaster\/#breadcrumb\"},\"inLanguage\":\"es\",\"potentialAction\":[{\"@type\":\"ReadAction\",\"target\":[\"https:\/\/www.equilibriovital.com\/index.php\/saladmaster\/\"]}]},{\"@type\":\"BreadcrumbList\",\"@id\":\"https:\/\/www.equilibriovital.com\/index.php\/saladmaster\/#breadcrumb\",\"itemListElement\":[{\"@type\":\"ListItem\",\"position\":1,\"name\":\"Portada\",\"item\":\"https:\/\/www.equilibriovital.com\/\"},{\"@type\":\"ListItem\",\"position\":2,\"name\":\"Saladmaster\"}]},{\"@type\":\"WebSite\",\"@id\":\"https:\/\/www.equilibriovital.com\/#website\",\"url\":\"https:\/\/www.equilibriovital.com\/\",\"name\":\"Equilibrio Vital\",\"description\":\"Equilibrio Vital: Dra. Marianela Gonz\u00e1lez-Nutrici\u00f3n\",\"potentialAction\":[{\"@type\":\"SearchAction\",\"target\":{\"@type\":\"EntryPoint\",\"urlTemplate\":\"https:\/\/www.equilibriovital.com\/?s={search_term_string}\"},\"query-input\":{\"@type\":\"PropertyValueSpecification\",\"valueRequired\":true,\"valueName\":\"search_term_string\"}}],\"inLanguage\":\"es\"}]}<\/script>\n<!-- \/ Yoast SEO plugin. -->","yoast_head_json":{"title":"Saladmaster - Equilibrio Vital","robots":{"index":"index","follow":"follow","max-snippet":"max-snippet:-1","max-image-preview":"max-image-preview:large","max-video-preview":"max-video-preview:-1"},"canonical":"https:\/\/www.equilibriovital.com\/index.php\/saladmaster\/","og_locale":"es_ES","og_type":"article","og_title":"Saladmaster - Equilibrio Vital","og_description":"Presentamos nuestro nueva piezade edici\u00f3n especial de 12 cuartos de gal\u00f3n (11.4 litros)con un grabado l\u00e1ser para conmemorarnuestro 75 aniversario.CAMBIE SUS UTENSILIOS DE COCINA, CAMBIE SU VIDALa l\u00ednea de productos Saladmaster son \u00fanicos en el mercado.Saladmaster lleva m\u00e1s de 60 a\u00f1os colaborando con la salud de sus clientes a trav\u00e9s de nuestro avanzado sistema de [&hellip;]","og_url":"https:\/\/www.equilibriovital.com\/index.php\/saladmaster\/","og_site_name":"Equilibrio Vital","article_modified_time":"2021-11-04T20:45:19+00:00","twitter_card":"summary_large_image","twitter_misc":{"Tiempo de lectura":"6 minutos"},"schema":{"@context":"https:\/\/schema.org","@graph":[{"@type":"WebPage","@id":"https:\/\/www.equilibriovital.com\/index.php\/saladmaster\/","url":"https:\/\/www.equilibriovital.com\/index.php\/saladmaster\/","name":"Saladmaster - Equilibrio Vital","isPartOf":{"@id":"https:\/\/www.equilibriovital.com\/#website"},"datePublished":"2021-07-22T03:03:59+00:00","dateModified":"2021-11-04T20:45:19+00:00","breadcrumb":{"@id":"https:\/\/www.equilibriovital.com\/index.php\/saladmaster\/#breadcrumb"},"inLanguage":"es","potentialAction":[{"@type":"ReadAction","target":["https:\/\/www.equilibriovital.com\/index.php\/saladmaster\/"]}]},{"@type":"BreadcrumbList","@id":"https:\/\/www.equilibriovital.com\/index.php\/saladmaster\/#breadcrumb","itemListElement":[{"@type":"ListItem","position":1,"name":"Portada","item":"https:\/\/www.equilibriovital.com\/"},{"@type":"ListItem","position":2,"name":"Saladmaster"}]},{"@type":"WebSite","@id":"https:\/\/www.equilibriovital.com\/#website","url":"https:\/\/www.equilibriovital.com\/","name":"Equilibrio Vital","description":"Equilibrio Vital: Dra. Marianela Gonz\u00e1lez-Nutrici\u00f3n","potentialAction":[{"@type":"SearchAction","target":{"@type":"EntryPoint","urlTemplate":"https:\/\/www.equilibriovital.com\/?s={search_term_string}"},"query-input":{"@type":"PropertyValueSpecification","valueRequired":true,"valueName":"search_term_string"}}],"inLanguage":"es"}]}},"_links":{"self":[{"href":"https:\/\/www.equilibriovital.com\/index.php\/wp-json\/wp\/v2\/pages\/214628"}],"collection":[{"href":"https:\/\/www.equilibriovital.com\/index.php\/wp-json\/wp\/v2\/pages"}],"about":[{"href":"https:\/\/www.equilibriovital.com\/index.php\/wp-json\/wp\/v2\/types\/page"}],"author":[{"embeddable":true,"href":"https:\/\/www.equilibriovital.com\/index.php\/wp-json\/wp\/v2\/users\/1"}],"replies":[{"embeddable":true,"href":"https:\/\/www.equilibriovital.com\/index.php\/wp-json\/wp\/v2\/comments?post=214628"}],"version-history":[{"count":39,"href":"https:\/\/www.equilibriovital.com\/index.php\/wp-json\/wp\/v2\/pages\/214628\/revisions"}],"predecessor-version":[{"id":215499,"href":"https:\/\/www.equilibriovital.com\/index.php\/wp-json\/wp\/v2\/pages\/214628\/revisions\/215499"}],"wp:attachment":[{"href":"https:\/\/www.equilibriovital.com\/index.php\/wp-json\/wp\/v2\/media?parent=214628"}],"curies":[{"name":"wp","href":"https:\/\/api.w.org\/{rel}","templated":true}]}}